[INFO] fetching crate rustyline-with-hint-fix 11.0.0...
[INFO] checking rustyline-with-hint-fix-11.0.0 against master#9610dfe5a9a731ced1ea4923ecbd0c57fe367898 for beta-170-4
[INFO] extracting crate rustyline-with-hint-fix 11.0.0 into /workspace/builds/worker-6-tc1/source
[INFO] validating manifest of crates.io crate rustyline-with-hint-fix 11.0.0 on toolchain 9610dfe5a9a731ced1ea4923ecbd0c57fe367898
[INFO] running `Command { std: CARGO_HOME="/workspace/cargo-home" RUSTUP_HOME="/workspace/rustup-home" "/workspace/cargo-home/bin/cargo" "+9610dfe5a9a731ced1ea4923ecbd0c57fe367898" "metadata" "--manifest-path" "Cargo.toml" "--no-deps", kill_on_drop: false }`
[INFO] started tweaking crates.io crate rustyline-with-hint-fix 11.0.0
[INFO] removed 0 missing examples
[INFO] finished tweaking crates.io crate rustyline-with-hint-fix 11.0.0
[INFO] tweaked toml for crates.io crate rustyline-with-hint-fix 11.0.0 written to /workspace/builds/worker-6-tc1/source/Cargo.toml
[INFO] crate crates.io crate rustyline-with-hint-fix 11.0.0 already has a lockfile, it will not be regenerated
[INFO] running `Command { std: CARGO_HOME="/workspace/cargo-home" RUSTUP_HOME="/workspace/rustup-home" "/workspace/cargo-home/bin/cargo" "+9610dfe5a9a731ced1ea4923ecbd0c57fe367898" "fetch" "--manifest-path" "Cargo.toml", kill_on_drop: false }`
[INFO] [stderr]  Downloading crates ...
[INFO] [stderr]   Downloaded rustyline-derive v0.8.0
[INFO] [stderr]   Downloaded vte v0.11.1
[INFO] [stderr]   Downloaded tuikit v0.5.0
[INFO] [stderr]   Downloaded defer-drop v1.3.0
[INFO] [stderr]   Downloaded skim v0.10.4
[INFO] running `Command { std: "docker" "create" "-v" "/var/lib/crater-agent-workspace/builds/worker-6-tc1/target:/opt/rustwide/target:rw,Z" "-v" "/var/lib/crater-agent-workspace/builds/worker-6-tc1/source:/opt/rustwide/workdir:ro,Z" "-v" "/var/lib/crater-agent-workspace/cargo-home:/opt/rustwide/cargo-home:ro,Z" "-v" "/var/lib/crater-agent-workspace/rustup-home:/opt/rustwide/rustup-home:ro,Z" "-e" "SOURCE_DIR=/opt/rustwide/workdir" "-e" "CARGO_TARGET_DIR=/opt/rustwide/target" "-e" "CARGO_HOME=/opt/rustwide/cargo-home" "-e" "RUSTUP_HOME=/opt/rustwide/rustup-home" "-w" "/opt/rustwide/workdir" "-m" "1610612736" "--user" "0:0" "--network" "none" "ghcr.io/rust-lang/crates-build-env/linux@sha256:19e73879b68f455e41552ea35293514db52ea292d993f571636dbffedb77a1ee" "/opt/rustwide/cargo-home/bin/cargo" "+9610dfe5a9a731ced1ea4923ecbd0c57fe367898" "metadata" "--no-deps" "--format-version=1", kill_on_drop: false }`
[INFO] [stdout] bced4a9f9a4cb9a689b406a2ef9b3bc2fde9de18049556595543d26caa8f6c60
[INFO] running `Command { std: "docker" "start" "-a" "bced4a9f9a4cb9a689b406a2ef9b3bc2fde9de18049556595543d26caa8f6c60", kill_on_drop: false }`
[INFO] running `Command { std: "docker" "inspect" "bced4a9f9a4cb9a689b406a2ef9b3bc2fde9de18049556595543d26caa8f6c60", kill_on_drop: false }`
[INFO] running `Command { std: "docker" "rm" "-f" "bced4a9f9a4cb9a689b406a2ef9b3bc2fde9de18049556595543d26caa8f6c60", kill_on_drop: false }`
[INFO] [stdout] bced4a9f9a4cb9a689b406a2ef9b3bc2fde9de18049556595543d26caa8f6c60
[INFO] running `Command { std: "docker" "create" "-v" "/var/lib/crater-agent-workspace/builds/worker-6-tc1/target:/opt/rustwide/target:rw,Z" "-v" "/var/lib/crater-agent-workspace/builds/worker-6-tc1/source:/opt/rustwide/workdir:ro,Z" "-v" "/var/lib/crater-agent-workspace/cargo-home:/opt/rustwide/cargo-home:ro,Z" "-v" "/var/lib/crater-agent-workspace/rustup-home:/opt/rustwide/rustup-home:ro,Z" "-e" "SOURCE_DIR=/opt/rustwide/workdir" "-e" "CARGO_TARGET_DIR=/opt/rustwide/target" "-e" "CARGO_INCREMENTAL=0" "-e" "RUST_BACKTRACE=full" "-e" "RUSTFLAGS=--cap-lints=forbid" "-e" "RUSTDOCFLAGS=--cap-lints=forbid" "-e" "CARGO_HOME=/opt/rustwide/cargo-home" "-e" "RUSTUP_HOME=/opt/rustwide/rustup-home" "-w" "/opt/rustwide/workdir" "-m" "1610612736" "--user" "0:0" "--network" "none" "ghcr.io/rust-lang/crates-build-env/linux@sha256:19e73879b68f455e41552ea35293514db52ea292d993f571636dbffedb77a1ee" "/opt/rustwide/cargo-home/bin/cargo" "+9610dfe5a9a731ced1ea4923ecbd0c57fe367898" "check" "--frozen" "--all" "--all-targets" "--message-format=json", kill_on_drop: false }`
[INFO] [stdout] 2ec9326d16f8a9c8fbc54c32f5359b408a2f4f67036990d98a783728aa7c664b
[INFO] running `Command { std: "docker" "start" "-a" "2ec9326d16f8a9c8fbc54c32f5359b408a2f4f67036990d98a783728aa7c664b", kill_on_drop: false }`
[INFO] [stderr]    Compiling rustix v0.37.19
[INFO] [stderr]    Compiling doc-comment v0.3.3
[INFO] [stderr]     Checking endian-type v0.1.2
[INFO] [stderr]     Checking getrandom v0.2.9
[INFO] [stderr]     Checking nibble_vec v0.1.0
[INFO] [stderr]     Checking bitflags v2.3.1
[INFO] [stderr]     Checking nix v0.26.2
[INFO] [stderr]     Checking home v0.5.5
[INFO] [stderr]     Checking env_logger v0.10.0
[INFO] [stderr]     Checking rand_core v0.6.4
[INFO] [stderr]     Checking assert_matches v1.5.0
[INFO] [stderr]     Checking radix_trie v0.2.1
[INFO] [stderr]     Checking rand_chacha v0.3.1
[INFO] [stderr]     Checking rand v0.8.5
[INFO] [stderr]     Checking fd-lock v3.0.12
[INFO] [stderr]     Checking tempfile v3.5.0
[INFO] [stderr]     Checking rustyline-with-hint-fix v11.0.0 (/opt/rustwide/workdir)
[INFO] [stdout] error[E0432]: unresolved import `rustyline`
[INFO] [stdout]  --> examples/minimal.rs:1:5
[INFO] [stdout]   |
[INFO] [stdout] 1 | use rustyline::{DefaultEditor, Result};
[INFO] [stdout]   |     ^^^^^^^^^ use of undeclared crate or module `rustyline`
[INFO] [stdout] 
[INFO] [stdout] 
[INFO] [stdout] error[E0432]: unresolved import `rustyline`
[INFO] [stdout]  --> examples/numeric_input.rs:1:5
[INFO] [stdout]   |
[INFO] [stdout] 1 | use rustyline::{
[INFO] [stdout]   |     ^^^^^^^^^ use of undeclared crate or module `rustyline`
[INFO] [stdout] 
[INFO] [stdout] 
[INFO] [stdout] error[E0432]: unresolved import `rustyline`
[INFO] [stdout]  --> examples/external_print.rs:6:5
[INFO] [stdout]   |
[INFO] [stdout] 6 | use rustyline::{DefaultEditor, ExternalPrinter, Result};
[INFO] [stdout]   |     ^^^^^^^^^ use of undeclared crate or module `rustyline`
[INFO] [stdout] 
[INFO] [stdout] 
[INFO] [stdout] error: aborting due to previous error
[INFO] [stdout] 
[INFO] [stdout] 
[INFO] [stdout] For more information about this error, try `rustc --explain E0432`.
[INFO] [stdout] 
[INFO] [stdout] error: aborting due to previous error
[INFO] [stdout] 
[INFO] [stdout] 
[INFO] [stdout] For more information about this error, try `rustc --explain E0432`.
[INFO] [stdout] 
[INFO] [stderr] error: could not compile `rustyline-with-hint-fix` (example "minimal") due to 2 previous errors
[INFO] [stderr] warning: build failed, waiting for other jobs to finish...
[INFO] [stderr] error: could not compile `rustyline-with-hint-fix` (example "external_print") due to 2 previous errors
[INFO] [stdout] error: aborting due to previous error
[INFO] [stdout] 
[INFO] [stdout] 
[INFO] [stdout] For more information about this error, try `rustc --explain E0432`.
[INFO] [stdout] 
[INFO] [stderr] error: could not compile `rustyline-with-hint-fix` (example "numeric_input") due to 2 previous errors
[INFO] running `Command { std: "docker" "inspect" "2ec9326d16f8a9c8fbc54c32f5359b408a2f4f67036990d98a783728aa7c664b", kill_on_drop: false }`
[INFO] running `Command { std: "docker" "rm" "-f" "2ec9326d16f8a9c8fbc54c32f5359b408a2f4f67036990d98a783728aa7c664b", kill_on_drop: false }`
[INFO] [stdout] 2ec9326d16f8a9c8fbc54c32f5359b408a2f4f67036990d98a783728aa7c664b
